 37, 32353
List the prime factors of 5075670.
2, 3, 5, 89, 1901
List the prime factors of 7753334.
2, 859, 4513
List the prime factors of 2890776.
2, 3, 7, 17207
List the prime factors of 8274588.
2, 3, 7, 98507
List the prime factors of 2180273.
727, 2999
What are the prime factors of 400011?
3, 133337
List the prime factors of 5058755.
5, 13, 223, 349
What are the prime factors of 10384843?
7, 1483549
What are the prime factors of 13930129?
31, 71, 6329
What are the prime factors of 4088258?
2, 2044129
List the prime factors of 2834955.
3, 5, 73, 863
List the prime factors of 1553903.
13, 23, 5197
What are the prime factors of 1343678?
2, 7, 13711
What are the prime factors of 1189897?
1189897
List the prime factors of 1621138.
2, 317, 2557
What are the prime factors of 110892?
2, 3, 9241
List the prime factors of 8538392.
2, 31, 34429
List the prime factors of 159712.
2, 7, 23, 31
What are the prime factors of 561529?
561529
List the prime factors of 2225107.
2225107
What are the prime factors of 3671146?
2, 1835573
List the prime factors of 299590.
2, 5, 29959
List the prime factors of 284873.
113, 2521
List the prime factors of 1502548.
2, 29, 12953
What are the prime factors of 142143?
3, 47381
What are the prime factors of 68240?
2, 5, 853
List the prime factors of 3462382.
2, 7, 11, 22483
What are the prime factors of 7202580?
2, 3, 5, 7, 11, 1559
What are the prime factors of 2259672?
2, 3, 94153
What are the prime factors of 188315?
5, 37663
List the prime factors of 196246.
2, 98123
List the prime factors of 6604677.
3, 631, 1163
What are the prime factors of 7246524?
2, 3, 19, 37, 859
What are the prime factors of 2142485?
5, 37, 313
What are the prime factors of 55271?
19, 2909
List the prime factors of 2786220.
2, 3, 5, 23, 673
List the prime factors of 12055898.
2, 6027949
List the prime factors of 451032.
2, 3, 18793
What are the prime factors of 245117?
31, 7907
What are the prime factors of 23704012?
2, 109, 54367
List the prime factors of 2154778.
2, 23, 139, 337
What are the prime factors of 186722?
2, 89, 1049
What are the prime factors of 155973?
3, 51991
What are the prime factors of 3544485?
3, 5, 7, 33757
What are the prime factors of 32270581?
7, 59, 78137
What are the prime factors of 222423?
3, 151, 491
List the prime factors of 5884796.
2, 29, 97, 523
List the prime factors of 8969380.
2, 5, 7, 64067
What are the prime factors of 122598?
2, 3, 7, 139
List the prime factors of 8359417.
11, 759947
List the prime factors of 217488.
2, 3, 23, 197
What are the prime factors of 128324?
2, 7, 4583
List the prime factors of 7627691.
7627691
List the prime factors of 402197.
402197
What are the prime factors of 208448?
2, 3257
What are the prime factors of 11096276?
2, 383, 7243
What are the prime factors of 221432?
2, 89, 311
List the prime factors of 181625.
5, 1453
List the prime factors of 365143.
17, 47, 457
List the prime factors of 74617.
29, 31, 83
What are the prime factors of 9143172?
2, 3, 84659
What are the prime factors of 9901587?
3, 3300529
What are the prime factors of 2193698?
2, 13, 139, 607
List the prime factors of 7571636.
2, 907, 2087
List the prime factors of 25348871.
29, 874099
List the prime factors of 1134736.
2, 70921
List the prime factors of 1797879.
3, 229, 2617
What are the prime factors of 263984?
2, 7, 2357
What are the prime factors of 11271490?
2, 5, 1127149
What are the prime factors of 1379906?
2, 11, 62723
List the prime factors of 5172698.
2, 277, 9337
What are the prime factors of 5928663?
3, 13, 152017
List the prime factors of 450805.
5, 29, 3109
What are the prime factors of 2523331?
709, 3559
List the prime factors of 9244789.
31, 83, 3593
List the prime factors of 2826156.
2, 3, 235513
What are the prime factors of 2549377?
197, 12941
What are the prime factors of 7996445?
5, 113, 14153
List the prime factors of 6786395.
5, 7, 11, 17627
What are the prime factors of 508570?
2, 5, 50857
What are the prime factors of 8132720?
2, 5, 277, 367
What are the prime factors of 253304?
2, 31663
What are the prime factors of 3095191?
11, 281381
List the prime factors of 577259.
577259
List the prime factors of 4143434.
2, 53, 39089
List the prime factors of 2585545.
5, 23, 22483
List the prime factors of 275503.
275503
List the prime factors of 2892169.
7, 413167
List the prime factors of 269070.
2, 3, 5, 8969
List the prime factors of 908514.
2, 3, 17, 2969
What are the prime factors of 375780?
2, 3, 5, 6263
List the prime factors of 257489.
257489
What are the prime factors of 16648479?
3, 1849831
List the prime factors of 1577952.
2, 3, 5479
What are the prime factors of 4451403?
3, 11, 43, 3137
List the prime factors of 2693807.
31, 113, 769
What are the prime factors of 290407?
13, 89, 251
What are the prime factors of 381030?
2, 3, 5, 13, 977
What are the prime factors of 567737?
567737
List the prime factors of 17672.
2, 47
List the prime factors of 12295958.
2, 6147979
What are the prime factors of 15509?
13, 1193
List the prime factors of 1731002.
2, 7, 13, 9511
What are the prime factors of 3109498?
2, 7, 222107
List the prime factors of 2518922.
2, 7, 179923
What are the prime factors of 217233?
3, 24137
What are the prime factors of 12341266?
2, 7, 59, 67, 223
What are the prime factors of 284260?
2, 5, 61, 233
List the prime factors of 555578.
2, 277789
List the prime factors of 24341197.
24341197
What are the prime factors of 250841?
250841
What are the prime factors of 703729?
13, 54133
What are the prime factors of 2029936?
2, 17, 439
List the prime factors of 2690638.
2, 347, 3877
List the prime factors of 239299.
97, 2467
What are the prime factors of 1835228?
2, 458807
List the prime factors of 5576536.
2, 7, 99581
What are the prime factors of 200753?
7, 17, 241
What are the prime factors of 672685?
5, 13, 79, 131
What are the prime factors of 17363?
97, 179
List the prime factors of 127960.
2, 5, 7, 457
What are the prime factors of 11356887?
3, 3785629
List the prime factors of 2491555.
5, 11, 89, 509
What are the prime factors of 2836690?
2, 5, 283669
What are the prime factors of 999314?
2, 47, 10631
What are the prime factors of 18977684?
2, 11, 431311
What are the prime factors of 3267148?
2, 101, 8087
What are the prime factors of 9101109?
3, 3033703
What are the prime factors of 4630768?
2, 289423
What are the prime factors of 247571?
17, 14563
List the prime factors of 1017634.
2, 508817
What are the prime factors of 1119219?
3, 373073
List the prime factors of 996811.
996811
List the prime factors of 24855.
3, 5, 1657
What are the prime factors of 3601805?
5, 720361
List the prime factors of 976780.
2, 5, 7, 6977
What are the prime factors of 22899133?
71, 322523
List the prime factors of 1328487.
3, 442829
List the prime factors of 13725272.
2, 11, 1289
List the prime factors of 482387.
482387
List the prime factors of 641382.
2, 3, 7, 15271
What are the prime factors of 2670081?
3, 890027
What are the prime factors of 3445820?
2, 5, 7, 151, 163
What are the prime factors of 293680?
2, 5, 3671
What are the prime factors of 4699967?
4699967
What are the prime factors of 1111338?
2, 3, 29, 2129
What are the prime factors of 385608?
2, 3, 16067
List the prime factors of 1193574.
2, 3, 198929
List the prime factors of 495639.
3, 29, 211
What are the prime factors of 327983?
327983
What are the prime factors of 126026?
2, 61, 1033
What are the prime factors of 3192779?
19, 197, 853
List the prime factors of 133026.
2, 3, 22171
List the prime factors of 3475562.
2, 181, 9601
What are the prime factors of 4340?
2, 5, 7, 31
What are the prime factors of 229366?
2, 73, 1571
What are the prime factors of 616346?
2, 37, 8329
What are the prime factors of 6500634?
2, 3, 7, 22111
What are the prime factors of 3281800?
2, 5, 61, 269
What are the prime factors of 32786993?
293, 317, 353
What are the prime factors of 234819?
3, 13, 223
List the prime factors of 404414.
2, 229, 883
What are the prime factors of 11524323?
3, 997, 3853
List the prime factors of 22176466.
2, 13, 17, 131, 383
List the prime factors of 4184816.
2, 29, 311
List the prime factors of 607391.
103, 5897
What are the prime factors of 1664180?
2, 5, 7, 11887
What are the prime factors of 76800?
2, 3